he highest common factor of 399 and y?
21
Let d be (50/450)/(42/(-252)*2/(-129)). Suppose -5*u - 2*t + 430 = 0, 0*t + 344 = 4*u - 5*t. Calculate the highest common divisor of d and u.
43
Suppose -2*d - 4*l + 78 = 0, 112 = 3*d - l + 6*l. Let s be -4*(29/(-3))/((-12)/(-9)). What is the greatest common divisor of s and d?
29
Let l = -382466 + 384236. Let p = 32 + -17. What is the greatest common factor of l and p?
15
Let g = -508 - -509. Let z be g - -178 - (5 + -3 + 1). What is the greatest common factor of 44 and z?
44
Let j = -69089 - -69096. Let a(i) = 19*i - 4. Let g be a(5). Calculate the highest common factor of g and j.
7
Suppose 0 = n - 24 + 22. Suppose 3*t = 0, -n*t = -5*o + t + 75. Let c be (-3)/(-5) - (-3735)/25. What is the highest common divisor of o and c?
15
Let i = 11 + -7. Suppose 0 = -3*a - 4*m + 4, -4*a + i*m + 52 = 0. Let c be (-262)/(-11) + (-6)/(-33). What is the highest common divisor of a and c?
8
Let d(l) = 3*l**2 + 22*l - 2. Let i be d(-10). Suppose 82*v - i*v - 44 = 0. Calculate the highest common factor of 33 and v.
11
Suppose -15*d + 11 = -19. Suppose -d*a + 21 + 15 = -4*g, 0 = 2*g + a + 10. Let v = 9 + g. What is the greatest common divisor of 8 and v?
2
Suppose 187*p - 750 - 104 + 106 = 0. What is the greatest common divisor of p and 18?
2
Suppose -2*k = -1280 + 106. Suppose 7*b - k = 337. Let s = -971 - -983. What is the greatest common factor of s and b?
12
Let o(f) = -f**2 - 34*f + 383. Let q be o(7). What is the highest common factor of 15 and q?
3
Suppose -2*v = 6, 2*j - v = 1399 - 296. Suppose -93*r + 89*r = -c, 5*r = -5*c + 125. What is the greatest common divisor of j and c?
10
Suppose -7*s + 56*s - 18718 = 0. Calculate the greatest common factor of s and 8.
2
Let m = 518 - -2334. What is the greatest common divisor of m and 92?
92
Suppose -3*r + 28 + 77 = 2*k, -265 = -5*k - 5*r. Let q be (k/9)/30 - (-218)/10. Calculate the greatest common factor of 814 and q.
22
Let i = -18 - -21. Suppose i*v + 12 = 0, -r - r - 5*v + 82 = 0. Suppose -7*n = -180 - r. Calculate the greatest common factor of 3 and n.
3
Suppose -10*h - 27*h + 93466 + 96048 = 0. What is the greatest common factor of 78 and h?
26
Let v = -6743 + 6833. What is the greatest common divisor of v and 8946?
18
Let s(v) = -55*v - 1776. Let y be s(-34). What is the highest common divisor of y and 235?
47
Suppose 4*j + 5*j = -4*s + 2989, -4*j + s = -1334. Calculate the highest common divisor of 555 and j.
111
Let c = 279 + -275. Suppose -3 + 5 = 4*g - 3*l, 0 = 2*g - 4*l + c. What is the highest common factor of g and 17?
1
Let t(h) = -h**2 - 12*h - 26. Let i be t(-8). Let m(u) = 14*u - 35. Let x be m(i). Let k = x + -43. Calculate the greatest common factor of k and 66.
6
Suppose 3*t + 3 = 0, 9*w - 2*t + 20 = 8*w. Let d(m) = 2*m**3 + 43*m**2 - 21*m + 36. Let i be d(w). Calculate the highest common factor of i and 406.
14
Let t(s) = 240*s + 168. Let f be t(5). What is the greatest common factor of f and 3?
3
Let i be 26085/423 + (-24)/9. What is the highest common factor of i and 42126?
59
Suppose j + 6*j = -2*j. Suppose 7*u + 208 - 334 = j. What is the greatest common factor of 234 and u?
18
Suppose n + 581 = -2*m + 5853, 2626 = m - 2*n. Suppose m = 15*x - 1491. What is the highest common factor of x and 110?
55
Suppose -372*l + 367*l = -65. Let d = 0 - -3. Let j(q) = 3*q**3 - 3*q**2 - q + 1. Let g be j(d). What is the highest common divisor of g and l?
13
Let c(q) be the second derivative of q**4/6 - 5*q**3/3 - 9*q**2/2 + 2*q + 2. Let s be c(7). Let g = 37 - s. What is the greatest common divisor of 6 and g?
6
Let b(h) = 53*h**3 + h**2 + h - 1. Let q be b(1). Suppose 0 = -z + 5*r + 446 - 267, -2*r = -4. Calculate the greatest common factor of z and q.
27
Suppose -144*c + 7644 = 505*c + 43*c - 55*c. Suppose a - 1440 = -0*a. Calculate the greatest common factor of c and a.
12
Suppose 3*n + 3 = 4*n. Let w = -140475 - -140499. Calculate the highest common factor of n and w.
3
Let m(h) be the third derivative of h**5/60 - 5*h**4/24 + 4*h**3/3 - h**2. Let g be m(4). Calculate the greatest common factor of g and 2.
2
Suppose -2*p - 2 = 0, -5*d - 4*p = -0*p - 1376. Suppose 6*a - d = -6. Let c = -78 - -96. What is the greatest common divisor of a and c?
9
Let y be ((-12)/(-20))/(-2*(-10)/100). Calculate the greatest common divisor of y and 843.
3
Let s be (-449)/(-1) - 9/((-378)/420). What is the greatest common factor of s and 102?
51
Let h(w) = w - 1. Let g be h(9). Suppose 0 + 1 = -t. Let r(m) = -5*m + 3. Let c be r(t). Calculate the highest common factor of c and g.
8
Suppose -1091 = y - 221. Let l be (-3)/6 + 3/((-36)/y). What is the greatest common factor of l and 16?
8
Let r be 4662 + 2 + (0 + 1)*-9. What is the greatest common factor of 285 and r?
95
Let d be 0 - -7 - (5 - 0). Suppose -3*t + 2175 = d*g, 27*g + t + 4357 = 31*g. What is the highest common factor of 11 and g?
11
Let s = -538 - -467. Let d = s + 80. Let p be 0*1/2 - -144. What is the highest common divisor of p and d?
9
Let o be (-9)/((-918)/12) + (-916)/(-17). Let k(n) = -n**3 + 2*n - 3. Let b be k(-3). What is the greatest common divisor of o and b?
18
Let z = 89 - -58. Let y(h) = -78*h - 65. Let j be y(-1). Suppose -2*b = 8, -4*b - j = -4*s + z. What is the greatest common divisor of 324 and s?
36
Suppose -2*s + 11*b = -10836 - 19300, 30168 = 2*s + 5*b. Calculate the highest common factor of s and 17.
17
Suppose -5*p + 0*h + 25 = -4*h, 0 = 2*p - 2*h - 8. Suppose -5*x + 1287 - 72 = 0. What is the greatest common divisor of x and p?
9
Let w(y) = 4*y - 4. Let c be w(6). Calculate the highest common divisor of c and 6440.
20
Suppose 5*n = -24 + 379. Suppose -307 - n = -2*c. What is the highest common factor of 7 and c?
7
Let f be 1360/(-100)*7/((-28)/690). What is the greatest common divisor of f and 18?
6
Suppose -32*p + 34*p = -3*u + 2192, 3*p = 12. Calculate the greatest common factor of 112 and u.
56
Let s(o) = 4*o**2 - 9*o - 119. Let n(j) = 17*j**2 - 35*j - 477. Let p(x) = -2*n(x) + 9*s(x). Let m be p(-6). What is the greatest common factor of m and 672?
21
Let u(l) = -l**3 - 21*l**2 - 26*l - 120. Let z be u(-20). Suppose z = -5*s + 10, o + 6*s = 7*s + 48. What is the greatest common factor of 170 and o?
10
Suppose 4 = 2*v - 166. Let f = v + -75. Let j be 26/65 - ((-96)/f + 0). What is the greatest common divisor of j and 10?
10
Suppose 6009 = 41*k + 597. Calculate the greatest common factor of k and 6468.
132
Let g = -162 + -209. Let b = g - -419. What is the highest common factor of b and 9?
3
Let j(i) = i**2 + 9*i + 14. Let u be j(-11). Suppose 5*m + 4*m - u = 0. Let o be 0 + 0 + m - 1/(-1). What is the greatest common divisor of 5 and o?
5
Suppose -v - 2*v = 4*f - 53, 3*f - 18 = 5*v. Let t(n) = n**3 - 37*n**2 + 29*n + 274. Let k be t(36). What is the greatest common factor of k and f?
11
Let n be -2 - (5/(-3) - (-2632)/(-3)). Let c = n + -231. Calculate the highest common divisor of 38 and c.
38
Suppose 348*f - 596 = 1144. Calculate the highest common factor of 1535 and f.
5
Suppose 3*w - 6*r - 341 = -4*r, -458 = -4*w + 2*r. Suppose 82*x - 85*x = -w. Suppose 2*m - x = 69. What is the highest common divisor of m and 6?
6
Suppose -3*j + 990 = -0*j. Suppose 3*f - j = f. Suppose -40*q - 12*q = -11*q - 615. Calculate the greatest common divisor of q and f.
15
Suppose 7*o - 4368 = -o. Suppose 0 = -21*b + 24*b - 3*f - o, 2*f + 728 = 4*b. What is the greatest common factor of 52 and b?
26
Let v be 96492/30 + -6 + 1 + (-207)/(-45). What is the greatest common divisor of 96 and v?
48
Let q(c) = -c**3 + 4*c**2 + 9*c - 118. Let m be q(-11). Calculate the highest common divisor of m and 282.
94
Let a be (-15)/(-2)*(-49088)/(-48). Calculate the highest common divisor of a and 40.
10
Let s(p) = p**3 - 14*p**2 + 27*p - 31. Let a be s(12). Let j be 3/(-27)*30/a*-81. Let y = 94 - 67. Calculate the greatest common divisor of j and y.
27
Suppose -v + 9 = -3*l, -v - v - 2*l = -18. Suppose -v*j + 126 = -270. Calculate the highest common factor of j and 132.
44
Let s = 1563 + -1536. Calculate the greatest common factor of 33 and s.
3
Suppose -9*n = -3*n. Suppose 5*k = i + 17, -3*i + 5*k - k - 7 = n. Suppose 467 = 5*q - b + i*b, -b = 3*q - 280. Calculate the highest common factor of q and 62.
31
Suppos